{"id":15,"date":"2024-08-09T14:40:18","date_gmt":"2024-08-09T12:40:18","guid":{"rendered":"https:\/\/babin-menuiserie.com\/?page_id=15"},"modified":"2024-08-15T11:14:12","modified_gmt":"2024-08-15T09:14:12","slug":"accueil","status":"publish","type":"page","link":"https:\/\/babin-menuiserie.com\/","title":{"rendered":"Accueil"},"content":{"rendered":"\n<div class=\"wp-block-cover alignfull is-light\" style=\"min-height:610px;aspect-ratio:unset;\"><span aria-hidden=\"true\" class=\"wp-block-cover__background has-background-dim-0 has-background-dim\"><\/span><img loading=\"lazy\" decoding=\"async\" width=\"2560\" height=\"1707\" class=\"wp-block-cover__image-background wp-image-45\" alt=\"\" src=\"http:\/\/babin-menuiserie.com\/wp-content\/uploads\/2024\/08\/atelier_babin_menuiserie-scaled.jpg\" data-object-fit=\"cover\" srcset=\"https:\/\/babin-menuiserie.com\/wp-content\/uploads\/2024\/08\/atelier_babin_menuiserie-scaled.jpg 2560w, https:\/\/babin-menuiserie.com\/wp-content\/uploads\/2024\/08\/atelier_babin_menuiserie-300x200.jpg 300w, https:\/\/babin-menuiserie.com\/wp-content\/uploads\/2024\/08\/atelier_babin_menuiserie-1024x683.jpg 1024w, https:\/\/babin-menuiserie.com\/wp-content\/uploads\/2024\/08\/atelier_babin_menuiserie-768x512.jpg 768w, https:\/\/babin-menuiserie.com\/wp-content\/uploads\/2024\/08\/atelier_babin_menuiserie-1536x1024.jpg 1536w, https:\/\/babin-menuiserie.com\/wp-content\/uploads\/2024\/08\/atelier_babin_menuiserie-2048x1365.jpg 2048w, https:\/\/babin-menuiserie.com\/wp-content\/uploads\/2024\/08\/atelier_babin_menuiserie-930x620.jpg 930w\" sizes=\"auto, (max-width: 2560px) 100vw, 2560px\" \/><div class=\"wp-block-cover__inner-container is-layout-flow wp-block-cover-is-layout-flow\">\n<div class=\"wp-block-group is-vertical is-layout-flex wp-container-core-group-is-layout-8cf370e7 wp-block-group-is-layout-flex\">\n<h1 class=\"wp-block-heading alignwide has-text-align-center has-nv-text-dark-bg-color has-text-color\">Artisan Menuisier &amp; Charpentier<\/h1>\n\n\n\n<p class=\"has-text-align-center has-nv-text-dark-bg-color has-text-color\" style=\"font-size:17px\">Situ\u00e9 \u00e0 Puyravault, entre Lu\u00e7on, Fontenay-le-Comte et La Rochelle, Babin Menuiserie vous accompagne dans tous vos projets de menuiserie g\u00e9n\u00e9rale, agencement et charpente<\/p>\n<\/div>\n<\/div><\/div>\n\n\n\n<div style=\"height:100px\" aria-hidden=\"true\" class=\"wp-block-spacer\"><\/div>\n\n\n\n<div class=\"wp-block-columns is-layout-flex wp-container-core-columns-is-layout-9d6595d7 wp-block-columns-is-layout-flex\">\n<div class=\"wp-block-column neve-duotone is-layout-flow wp-block-column-is-layout-flow\" style=\"padding-right:var(--wp--preset--spacing--30);padding-left:var(--wp--preset--spacing--30)\"><div class=\"wp-block-image icon-style is-style-default wp-duotone-unset-1\">\n<figure class=\"aligncenter size-full has-custom-border\"><img loading=\"lazy\" decoding=\"async\" width=\"100\" height=\"100\" src=\"https:\/\/babin-menuiserie.com\/wp-content\/uploads\/2024\/08\/savoir-faire_babin_menuiserie2-2.png\" alt=\"\" class=\"wp-image-50\" style=\"border-radius:0px\" title=\"\"\/><\/figure>\n<\/div>\n\n\n<h3 class=\"wp-block-heading has-text-align-center has-neve-text-color-color has-text-color\">Savoir-faire<\/h3>\n\n\n\n<p class=\"has-text-align-center\">Avec plus de 15 ans d&rsquo;exp\u00e9rience, Babin Menuiserie r\u00e9pond \u00e0 l&rsquo;ensemble de vos demandes : de la conception \u00e0 la fabrication sur-mesure en atelier, jusqu&rsquo;\u00e0 l&rsquo;installation et la pose \u00e0 votre domicile.<\/p>\n<\/div>\n\n\n\n<div class=\"wp-block-column is-layout-flow wp-block-column-is-layout-flow\" style=\"padding-right:var(--wp--preset--spacing--30);padding-left:var(--wp--preset--spacing--30)\"><div class=\"wp-block-image icon-style is-style-default wp-duotone-unset-2\">\n<figure class=\"aligncenter size-full has-custom-border\"><img loading=\"lazy\" decoding=\"async\" width=\"100\" height=\"100\" src=\"https:\/\/babin-menuiserie.com\/wp-content\/uploads\/2024\/08\/accompagnement_babin_menuiserie-2.png\" alt=\"\" class=\"wp-image-51\" style=\"border-radius:0px\" title=\"\"\/><\/figure>\n<\/div>\n\n\n<h3 class=\"wp-block-heading has-text-align-center has-neve-text-color-color has-text-color\">Accompagnement<\/h3>\n\n\n\n<p class=\"has-text-align-center\">Pour vous garantir le meilleur service, votre projet est rigoureusement \u00e9tudi\u00e9 pour vous conseiller dans le choix des meilleurs mat\u00e9riaux et vous guider vers diff\u00e9rents professionnels du b\u00e2timent partenaires.<\/p>\n<\/div>\n\n\n\n<div class=\"wp-block-column is-layout-flow wp-block-column-is-layout-flow\" style=\"padding-right:var(--wp--preset--spacing--30);padding-left:var(--wp--preset--spacing--30)\"><div class=\"wp-block-image icon-style is-style-default wp-duotone-unset-3\">\n<figure class=\"aligncenter size-full has-custom-border\"><img loading=\"lazy\" decoding=\"async\" width=\"100\" height=\"100\" src=\"https:\/\/babin-menuiserie.com\/wp-content\/uploads\/2024\/08\/deplacement_babin_menuiserie-2.png\" alt=\"\" class=\"wp-image-52\" style=\"border-radius:0px\" title=\"\"\/><\/figure>\n<\/div>\n\n\n<h3 class=\"wp-block-heading has-text-align-center has-neve-text-color-color has-text-color\">Zone d&rsquo;intervention<\/h3>\n\n\n\n<p class=\"has-text-align-center\">Implant\u00e9 en Sud Vend\u00e9e, Babin Menuiserie se d\u00e9place sur un p\u00e9rim\u00e8tre de 30 kms environ, compris entre Lu\u00e7on, Fontenay-le-Comte ainsi que la Rochelle et son agglom\u00e9ration.<\/p>\n<\/div>\n<\/div>\n\n\n\n<div class=\"wp-block-cover alignfull\" style=\"min-height:600px;aspect-ratio:unset;\"><span aria-hidden=\"true\" class=\"wp-block-cover__background has-nv-site-bg-background-color has-background-dim-100 has-background-dim\"><\/span><div class=\"wp-block-cover__inner-container is-layout-flow wp-block-cover-is-layout-flow\">\n<div class=\"wp-block-group\"><div class=\"wp-block-group__inner-container is-layout-flow wp-block-group-is-layout-flow\">\n<div class=\"wp-block-columns are-vertically-aligned-center is-layout-flex wp-container-core-columns-is-layout-9d6595d7 wp-block-columns-is-layout-flex\">\n<div class=\"wp-block-column is-vertically-aligned-center is-layout-flow wp-block-column-is-layout-flow\" style=\"padding-right:var(--wp--preset--spacing--30);padding-left:var(--wp--preset--spacing--30);flex-basis:50%\">\n<figure class=\"wp-block-image size-full has-custom-border is-style-default\"><img loading=\"lazy\" decoding=\"async\" width=\"1279\" height=\"1279\" src=\"https:\/\/babin-menuiserie.com\/wp-content\/uploads\/2024\/08\/babin_menuiserie_interieure_placard_persienne-1.jpg\" alt=\"\" class=\"wp-image-57\" style=\"border-radius:16px\" srcset=\"https:\/\/babin-menuiserie.com\/wp-content\/uploads\/2024\/08\/babin_menuiserie_interieure_placard_persienne-1.jpg 1279w, https:\/\/babin-menuiserie.com\/wp-content\/uploads\/2024\/08\/babin_menuiserie_interieure_placard_persienne-1-300x300.jpg 300w, https:\/\/babin-menuiserie.com\/wp-content\/uploads\/2024\/08\/babin_menuiserie_interieure_placard_persienne-1-1024x1024.jpg 1024w, https:\/\/babin-menuiserie.com\/wp-content\/uploads\/2024\/08\/babin_menuiserie_interieure_placard_persienne-1-150x150.jpg 150w, https:\/\/babin-menuiserie.com\/wp-content\/uploads\/2024\/08\/babin_menuiserie_interieure_placard_persienne-1-768x768.jpg 768w\" sizes=\"auto, (max-width: 1279px) 100vw, 1279px\" \/><\/figure>\n<\/div>\n\n\n\n<div class=\"wp-block-column is-vertically-aligned-center is-layout-flow wp-block-column-is-layout-flow\" style=\"padding-right:var(--wp--preset--spacing--30);padding-left:var(--wp--preset--spacing--30);flex-basis:50%\">\n<div style=\"height:20px\" aria-hidden=\"true\" class=\"wp-block-spacer\"><\/div>\n\n\n\n<h2 class=\"wp-block-heading has-text-align-left has-neve-text-color-color has-text-color\">Menuiserie Int\u00e9rieure<\/h2>\n\n\n\n<p class=\"has-text-align-left has-neve-text-color-color has-text-color\" style=\"font-size:17px\">Cloisons s\u00e8ches, portes, verri\u00e8res, escaliers, parquets et am\u00e9nagements int\u00e9rieurs&nbsp;: un vaste \u00e9ventail de prestations pour agencer votre int\u00e9rieur, du sol au plafond<\/p>\n\n\n\n<div class=\"wp-block-buttons has-custom-font-size has-small-font-size is-content-justification-left is-layout-flex wp-container-core-buttons-is-layout-fdcfc74e wp-block-buttons-is-layout-flex\">\n<div class=\"wp-block-button has-custom-font-size is-style-default\" style=\"font-size:16px\"><a class=\"wp-block-button__link has-nv-text-dark-bg-color has-neve-link-color-background-color has-text-color has-background has-link-color wp-element-button\" href=\"https:\/\/babin-menuiserie.com\/index.php\/menuiserie-interieure\/\">EN SAVOIR PLUS<\/a><\/div>\n<\/div>\n<\/div>\n<\/div>\n\n\n\n<div class=\"wp-block-columns are-vertically-aligned-center is-layout-flex wp-container-core-columns-is-layout-9d6595d7 wp-block-columns-is-layout-flex\">\n<div class=\"wp-block-column is-vertically-aligned-center is-layout-flow wp-block-column-is-layout-flow\" style=\"padding-right:var(--wp--preset--spacing--30);padding-left:var(--wp--preset--spacing--30);flex-basis:50%\">\n<div style=\"height:20px\" aria-hidden=\"true\" class=\"wp-block-spacer\"><\/div>\n\n\n\n<h2 class=\"wp-block-heading has-text-align-left has-neve-text-color-color has-text-color\">Menuiserie Ext\u00e9rieure<\/h2>\n\n\n\n<p class=\"has-text-align-left has-neve-text-color-color has-text-color\" style=\"font-size:17px\">Pose ou conception sur-mesure de tout type d\u2019ouvertures, portes, portails, volets et autres am\u00e9nagements ext\u00e9rieurs : terrasse bois, pergola, cuisine d\u2019\u00e9t\u00e9 et extension bois<\/p>\n\n\n\n<div class=\"wp-block-buttons has-custom-font-size has-small-font-size is-content-justification-left is-layout-flex wp-container-core-buttons-is-layout-fdcfc74e wp-block-buttons-is-layout-flex\">\n<div class=\"wp-block-button has-custom-font-size is-style-default\" style=\"font-size:16px\"><a class=\"wp-block-button__link has-nv-text-dark-bg-color has-neve-link-color-background-color has-text-color has-background has-link-color wp-element-button\" href=\"https:\/\/babin-menuiserie.com\/index.php\/menuiserie-exterieure\/\">VOIR LES REALISATIONS<\/a><\/div>\n<\/div>\n<\/div>\n\n\n\n<div class=\"wp-block-column is-vertically-aligned-center is-layout-flow wp-block-column-is-layout-flow\" style=\"padding-right:var(--wp--preset--spacing--30);padding-left:var(--wp--preset--spacing--30);flex-basis:50%\">\n<figure class=\"wp-block-image size-full has-custom-border is-style-default\"><img loading=\"lazy\" decoding=\"async\" width=\"1440\" height=\"1440\" src=\"https:\/\/babin-menuiserie.com\/wp-content\/uploads\/2024\/08\/babin_menuiserie_exterieure_pergola.jpg\" alt=\"\" class=\"wp-image-58\" style=\"border-radius:16px\" srcset=\"https:\/\/babin-menuiserie.com\/wp-content\/uploads\/2024\/08\/babin_menuiserie_exterieure_pergola.jpg 1440w, https:\/\/babin-menuiserie.com\/wp-content\/uploads\/2024\/08\/babin_menuiserie_exterieure_pergola-300x300.jpg 300w, https:\/\/babin-menuiserie.com\/wp-content\/uploads\/2024\/08\/babin_menuiserie_exterieure_pergola-1024x1024.jpg 1024w, https:\/\/babin-menuiserie.com\/wp-content\/uploads\/2024\/08\/babin_menuiserie_exterieure_pergola-150x150.jpg 150w, https:\/\/babin-menuiserie.com\/wp-content\/uploads\/2024\/08\/babin_menuiserie_exterieure_pergola-768x768.jpg 768w\" sizes=\"auto, (max-width: 1440px) 100vw, 1440px\" \/><\/figure>\n<\/div>\n<\/div>\n\n\n\n<div class=\"wp-block-columns are-vertically-aligned-center is-layout-flex wp-container-core-columns-is-layout-9d6595d7 wp-block-columns-is-layout-flex\">\n<div class=\"wp-block-column is-vertically-aligned-center is-layout-flow wp-block-column-is-layout-flow\" style=\"padding-right:var(--wp--preset--spacing--30);padding-left:var(--wp--preset--spacing--30);flex-basis:50%\">\n<figure class=\"wp-block-image size-full has-custom-border is-style-default\"><img loading=\"lazy\" decoding=\"async\" width=\"2471\" height=\"2471\" src=\"https:\/\/babin-menuiserie.com\/wp-content\/uploads\/2024\/08\/babin_menuiserie_charpente_traditionnelle.jpg\" alt=\"\" class=\"wp-image-59\" style=\"border-radius:16px\" srcset=\"https:\/\/babin-menuiserie.com\/wp-content\/uploads\/2024\/08\/babin_menuiserie_charpente_traditionnelle.jpg 2471w, https:\/\/babin-menuiserie.com\/wp-content\/uploads\/2024\/08\/babin_menuiserie_charpente_traditionnelle-300x300.jpg 300w, https:\/\/babin-menuiserie.com\/wp-content\/uploads\/2024\/08\/babin_menuiserie_charpente_traditionnelle-1024x1024.jpg 1024w, https:\/\/babin-menuiserie.com\/wp-content\/uploads\/2024\/08\/babin_menuiserie_charpente_traditionnelle-150x150.jpg 150w, https:\/\/babin-menuiserie.com\/wp-content\/uploads\/2024\/08\/babin_menuiserie_charpente_traditionnelle-768x768.jpg 768w, https:\/\/babin-menuiserie.com\/wp-content\/uploads\/2024\/08\/babin_menuiserie_charpente_traditionnelle-1536x1536.jpg 1536w, https:\/\/babin-menuiserie.com\/wp-content\/uploads\/2024\/08\/babin_menuiserie_charpente_traditionnelle-2048x2048.jpg 2048w\" sizes=\"auto, (max-width: 2471px) 100vw, 2471px\" \/><\/figure>\n<\/div>\n\n\n\n<div class=\"wp-block-column is-vertically-aligned-center is-layout-flow wp-block-column-is-layout-flow\" style=\"padding-right:var(--wp--preset--spacing--30);padding-left:var(--wp--preset--spacing--30);flex-basis:50%\">\n<div style=\"height:20px\" aria-hidden=\"true\" class=\"wp-block-spacer\"><\/div>\n\n\n\n<h2 class=\"wp-block-heading has-text-align-left has-neve-text-color-color has-text-color\">Charpente<\/h2>\n\n\n\n<p class=\"has-text-align-left has-neve-text-color-color has-text-color\" style=\"font-size:17px\">Charpente traditionnelle, fermette, structure ossature bois, Babin Menuiserie met son savoir-faire \u00e0 votre service, de la fabrication \u00e0 la pose<\/p>\n\n\n\n<div class=\"wp-block-buttons has-custom-font-size has-small-font-size is-content-justification-left is-layout-flex wp-container-core-buttons-is-layout-fdcfc74e wp-block-buttons-is-layout-flex\">\n<div class=\"wp-block-button has-custom-font-size is-style-default\" style=\"font-size:16px\"><a class=\"wp-block-button__link has-nv-text-dark-bg-color has-neve-link-color-background-color has-text-color has-background has-link-color wp-element-button\" href=\"https:\/\/babin-menuiserie.com\/index.php\/charpente\/\">PLUS D&rsquo;INFORMATIONS<\/a><\/div>\n<\/div>\n<\/div>\n<\/div>\n<\/div><\/div>\n<\/div><\/div>\n\n\n\n<div style=\"height:100px\" aria-hidden=\"true\" class=\"wp-block-spacer\"><\/div>\n\n\n\n<p class=\"has-text-align-center\">Membre du r\u00e9seau Artisans Artip\u00f4le, coop\u00e9rative d\u2019artisans expert, Babin Menuiserie vous fait profiter d\u2019une large s\u00e9lection de produits et mat\u00e9riaux de qualit\u00e9, \u00e0 retrouver dans les show-room d\u2019exposition<\/p>\n\n\n<div class=\"wp-block-image\">\n<figure class=\"aligncenter size-large is-resized\"><a href=\"https:\/\/www.artisansartipole.fr\/\"><img loading=\"lazy\" decoding=\"async\" width=\"1024\" height=\"420\" src=\"https:\/\/babin-menuiserie.com\/wp-content\/uploads\/2024\/08\/babin_menuiserie_artisan-artipole-1024x420.jpg\" alt=\"\" class=\"wp-image-77\" style=\"width:190px;height:auto\" srcset=\"https:\/\/babin-menuiserie.com\/wp-content\/uploads\/2024\/08\/babin_menuiserie_artisan-artipole-1024x420.jpg 1024w, https:\/\/babin-menuiserie.com\/wp-content\/uploads\/2024\/08\/babin_menuiserie_artisan-artipole-300x123.jpg 300w, https:\/\/babin-menuiserie.com\/wp-content\/uploads\/2024\/08\/babin_menuiserie_artisan-artipole-768x315.jpg 768w, https:\/\/babin-menuiserie.com\/wp-content\/uploads\/2024\/08\/babin_menuiserie_artisan-artipole-1536x630.jpg 1536w, https:\/\/babin-menuiserie.com\/wp-content\/uploads\/2024\/08\/babin_menuiserie_artisan-artipole-2048x840.jpg 2048w\" sizes=\"auto, (max-width: 1024px) 100vw, 1024px\" \/><\/a><\/figure>\n<\/div>\n\n\n<div style=\"height:100px\" aria-hidden=\"true\" class=\"wp-block-spacer\"><\/div>\n\n\n\n<div class=\"wp-block-cover alignfull\" style=\"min-height:300px;aspect-ratio:unset;\"><span aria-hidden=\"true\" class=\"wp-block-cover__background has-neve-link-color-background-color has-background-dim-100 has-background-dim\"><\/span><div class=\"wp-block-cover__inner-container is-layout-flow wp-block-cover-is-layout-flow\">\n<div class=\"wp-block-columns is-layout-flex wp-container-core-columns-is-layout-9d6595d7 wp-block-columns-is-layout-flex\">\n<div class=\"wp-block-column is-layout-flow wp-block-column-is-layout-flow\" style=\"flex-basis:20%\"><\/div>\n\n\n\n<div class=\"wp-block-column is-layout-flow wp-block-column-is-layout-flow\" style=\"flex-basis:60%\">\n<div class=\"wp-block-group\"><div class=\"wp-block-group__inner-container is-layout-constrained wp-block-group-is-layout-constrained\">\n<p><\/p>\n\n\n\n<h2 class=\"wp-block-heading has-text-align-center has-nv-text-dark-bg-color has-text-color\">A votre \u00e9coute pour l\u2019ensemble de vos projets<\/h2>\n\n\n\n<p class=\"has-text-align-center has-nv-text-dark-bg-color has-text-color has-link-color wp-elements-73a27314b79a00aba3b10dddb1169671\">Construction neuve, agrandissement ou r\u00e9novation ? Echangeons ensemble sur vos besoins d\u2019am\u00e9nagements int\u00e9rieurs et ext\u00e9rieurs<\/p>\n\n\n\n<div class=\"wp-block-buttons is-horizontal is-content-justification-center is-layout-flex wp-container-core-buttons-is-layout-499968f5 wp-block-buttons-is-layout-flex\">\n<div class=\"wp-block-button is-style-primary\"><a class=\"wp-block-button__link has-neve-link-color-color has-text-color has-background has-link-color wp-element-button\" href=\"https:\/\/babin-menuiserie.com\/contact\/\" style=\"background-color:#ffffff\">DEMANDER UN DEVIS<\/a><\/div>\n<\/div>\n<\/div><\/div>\n<\/div>\n\n\n\n<div class=\"wp-block-column is-layout-flow wp-block-column-is-layout-flow\" style=\"flex-basis:20%\"><\/div>\n<\/div>\n<\/div><\/div>\n","protected":false},"excerpt":{"rendered":"<p>Savoir-faire Avec plus de 15 ans d&rsquo;exp\u00e9rience, Babin Menuiserie r\u00e9pond \u00e0 l&rsquo;ensemble de vos demandes : de la conception \u00e0 la fabrication sur-mesure en atelier, jusqu&rsquo;\u00e0 l&rsquo;installation et la pose \u00e0 votre domicile. Accompagnement Pour vous garantir le meilleur service, votre projet est rigoureusement \u00e9tudi\u00e9 pour vous conseiller dans le choix des meilleurs mat\u00e9riaux et&hellip;&nbsp;<a href=\"https:\/\/babin-menuiserie.com\/\" class=\"\" rel=\"bookmark\">Lire la suite &raquo;<span class=\"screen-reader-text\">Accueil<\/span><\/a><\/p>\n","protected":false},"author":1,"featured_media":0,"parent":0,"menu_order":0,"comment_status":"closed","ping_status":"closed","template":"","meta":{"neve_meta_sidebar":"","neve_meta_container":"","neve_meta_enable_content_width":"on","neve_meta_content_width":100,"neve_meta_title_alignment":"","neve_meta_author_avatar":"","neve_post_elements_order":"","neve_meta_disable_header":"","neve_meta_disable_footer":"","neve_meta_disable_title":"on","footnotes":""},"class_list":["post-15","page","type-page","status-publish","hentry"],"_links":{"self":[{"href":"https:\/\/babin-menuiserie.com\/index.php\/wp-json\/wp\/v2\/pages\/15","targetHints":{"allow":["GET"]}}],"collection":[{"href":"https:\/\/babin-menuiserie.com\/index.php\/wp-json\/wp\/v2\/pages"}],"about":[{"href":"https:\/\/babin-menuiserie.com\/index.php\/wp-json\/wp\/v2\/types\/page"}],"author":[{"embeddable":true,"href":"https:\/\/babin-menuiserie.com\/index.php\/wp-json\/wp\/v2\/users\/1"}],"replies":[{"embeddable":true,"href":"https:\/\/babin-menuiserie.com\/index.php\/wp-json\/wp\/v2\/comments?post=15"}],"version-history":[{"count":19,"href":"https:\/\/babin-menuiserie.com\/index.php\/wp-json\/wp\/v2\/pages\/15\/revisions"}],"predecessor-version":[{"id":149,"href":"https:\/\/babin-menuiserie.com\/index.php\/wp-json\/wp\/v2\/pages\/15\/revisions\/149"}],"wp:attachment":[{"href":"https:\/\/babin-menuiserie.com\/index.php\/wp-json\/wp\/v2\/media?parent=15"}],"curies":[{"name":"wp","href":"https:\/\/api.w.org\/{rel}","templated":true}]}}